{"id":134,"date":"2014-08-05T08:21:04","date_gmt":"2014-08-05T08:21:04","guid":{"rendered":"http:\/\/insel-kreta.net\/wordpress\/?page_id=134"},"modified":"2014-08-12T06:40:43","modified_gmt":"2014-08-12T06:40:43","slug":"preveli","status":"publish","type":"page","link":"http:\/\/insel-kreta.net\/wordpress\/naturschoenheiten\/preveli\/","title":{"rendered":"Preveli"},"content":{"rendered":"<p><strong>Preveli einer der sch\u00f6nsten Str\u00e4nde Kretas<\/strong><\/p>\n<p>Wir Starten in Rethymno und fahren in Richtung Armeni nach Kilometer 21 verl\u00e4sst man die Hauptstra\u00dfe in Richtung Spili und Aija Galini und f\u00e4hrt nach rechts zur Kourtalioti- Schlucht. Die Schlucht erstreckt sich zwischen den Bergen Kouroupa und Xiro Oros. Sie beginnt bei dem Dorf Koxare . Durch die Schlucht flie\u00dft der Kourtalioti- Flu\u00df, der aus f\u00fcnf gro\u00dfen Quellen gespeist wird, die \u00fcber einen vierzig Meter hohen Wasserfall herab st\u00fcrtzen. An den kahlen Seitenw\u00e4nden gibt es zahlreiche Quellen und Grotten. Westich der M\u00fcndung des Flu\u00dfes sieht man pl\u00f6tzlich in einer tiefgr\u00fcnen Landschaft den unteren Bau des Klosters Preveli, der an einem Bach mit einer Br\u00fccke liegt. Kurz vor dem unteren Kloster f\u00fchrt ein steiler Pfad durch eine idyllische Landschaft hinunter an den Strand mit der M\u00fcndung des Flu\u00dfes. Bevor dieser das Meer ereicht bildet er ein kleines Becken, das von Palmen ums\u00e4umt ist. Es loht sich, von hieraus in die Schlucht hinein und ein St\u00fcck am Ufer des Flu\u00dfes entlang zugehen.Die Landschaft mit den vielen Palmen und den gr\u00fcnen Wassern des Flu\u00dfes, die langsamer oder schneller flie\u00dfen und immer wieder Strudel und Tiefen bilden, ist nahezu exotisch. Schlie\u00dflich kommt man an das Ende der Schlucht und zu einem zauberhaften Strand mit kristallklarem Wasser, an dem sich rechts und links steile Felsen erheben.<\/p>\n<p><a href=\"http:\/\/insel-kreta.net\/wordpress\/wp-content\/uploads\/2014\/08\/Preveli.jpg\"><img loading=\"lazy\" decoding=\"async\" class=\"alignnone size-full wp-image-135\" src=\"http:\/\/insel-kreta.net\/wordpress\/wp-content\/uploads\/2014\/08\/Preveli.jpg\" alt=\"Preveli\" width=\"262\" height=\"179\" \/><\/a><\/p>\n","protected":false},"excerpt":{"rendered":"<p>Preveli einer der sch\u00f6nsten Str\u00e4nde Kretas Wir Starten in Rethymno und fahren in Richtung Armeni nach Kilometer 21 verl\u00e4sst man die Hauptstra\u00dfe in Richtung Spili und Aija Galini und f\u00e4hrt nach rechts zur Kourtalioti- Schlucht. Die Schlucht erstreckt sich zwischen den Bergen Kouroupa und Xiro Oros. Sie beginnt bei dem Dorf Koxare . Durch die [&hellip;]<\/p>\n","protected":false},"author":1,"featured_media":0,"parent":132,"menu_order":0,"comment_status":"open","ping_status":"open","template":"","meta":{"footnotes":""},"class_list":["post-134","page","type-page","status-publish","hentry"],"_links":{"self":[{"href":"http:\/\/insel-kreta.net\/wordpress\/wp-json\/wp\/v2\/pages\/134","targetHints":{"allow":["GET"]}}],"collection":[{"href":"http:\/\/insel-kreta.net\/wordpress\/wp-json\/wp\/v2\/pages"}],"about":[{"href":"http:\/\/insel-kreta.net\/wordpress\/wp-json\/wp\/v2\/types\/page"}],"author":[{"embeddable":true,"href":"http:\/\/insel-kreta.net\/wordpress\/wp-json\/wp\/v2\/users\/1"}],"replies":[{"embeddable":true,"href":"http:\/\/insel-kreta.net\/wordpress\/wp-json\/wp\/v2\/comments?post=134"}],"version-history":[{"count":1,"href":"http:\/\/insel-kreta.net\/wordpress\/wp-json\/wp\/v2\/pages\/134\/revisions"}],"predecessor-version":[{"id":136,"href":"http:\/\/insel-kreta.net\/wordpress\/wp-json\/wp\/v2\/pages\/134\/revisions\/136"}],"up":[{"embeddable":true,"href":"http:\/\/insel-kreta.net\/wordpress\/wp-json\/wp\/v2\/pages\/132"}],"wp:attachment":[{"href":"http:\/\/insel-kreta.net\/wordpress\/wp-json\/wp\/v2\/media?parent=134"}],"curies":[{"name":"wp","href":"https:\/\/api.w.org\/{rel}","templated":true}]}}