{"id":152,"date":"2014-08-05T08:28:31","date_gmt":"2014-08-05T08:28:31","guid":{"rendered":"http:\/\/insel-kreta.net\/wordpress\/?page_id=152"},"modified":"2014-08-12T06:39:37","modified_gmt":"2014-08-12T06:39:37","slug":"lasithi","status":"publish","type":"page","link":"http:\/\/insel-kreta.net\/wordpress\/naturschoenheiten\/lasithi\/","title":{"rendered":"Lasithi"},"content":{"rendered":"<p><strong>Lasithi<\/strong><\/p>\n<p>Etwa 50 km s\u00fcd\u00f6stlich von Iraklion und 35 km westlich von Agios Nikolaos breitet sich das runde fruchtbare Karstplateau Lasithi im Dikti &#8211; Gebirge aus. Seinen Gr\u00f6\u00dfe ist ca 8 x 5 km .<\/p>\n<p><a href=\"http:\/\/insel-kreta.net\/wordpress\/wp-content\/uploads\/2014\/08\/Lasithi2.jpg\"><img loading=\"lazy\" decoding=\"async\" class=\"alignnone size-full wp-image-153\" src=\"http:\/\/insel-kreta.net\/wordpress\/wp-content\/uploads\/2014\/08\/Lasithi2.jpg\" alt=\"Lasithi2\" width=\"150\" height=\"222\" \/><\/a><\/p>\n<p>Die \u00fcppig gr\u00fcne Vegetation bietet mit den sie umrahmenden Bergen einen sehr sch\u00f6nen Anblick, der fr\u00fcher noch durch die alten, mit Segeltuch bespannten Windr\u00e4der unterstrichen wurden. Diese Windr\u00e4der sind in letzter Zeit fast ganz durch Motorpumpen ersetzt wurden.<\/p>\n<p><img loading=\"lazy\" decoding=\"async\" class=\"alignnone size-medium wp-image-154\" src=\"http:\/\/insel-kreta.net\/wordpress\/wp-content\/uploads\/2014\/08\/Lasithi3.jpg\" alt=\"Lasithi3\" width=\"130\" height=\"190\" \/><\/p>\n<p>Die Bew\u00e4sserung durch die Motorpumpen, die das Wasser in Sammelbecken und dann in die schachbrettartig angelegten Bew\u00e4sserungsgr\u00e4ben leiten, bewirkt eine reiche Vegetation. Hauptanbauprodukt sind vor allem Kartoffeln, Gem\u00fcse \u00c4pfel und Birnen sowie Weizen. Alle D\u00f6rfer liegen am Rande der Lasithi, am Fu\u00df des Gebirges.<\/p>\n<p><a href=\"http:\/\/insel-kreta.net\/wordpress\/wp-content\/uploads\/2014\/08\/Lasithi1.jpg\"><img loading=\"lazy\" decoding=\"async\" class=\"alignnone size-full wp-image-155\" src=\"http:\/\/insel-kreta.net\/wordpress\/wp-content\/uploads\/2014\/08\/Lasithi1.jpg\" alt=\"Lasithi1\" width=\"223\" height=\"148\" \/><\/a><\/p>\n<p>Die Hochebene, die bereits in der minoischen Zeit besiedelt war, bildete immer wieder ein R\u00fcckzugsgebiet der Einheimischen, so in nach minoischer Zeit, als sich die Dorer an der K\u00fcsten niederlie\u00dfen und sp\u00e4ter vor den venezianischen Eroberern flohen. Diese vertrieben im Jahre 1263 alle Bewohner von der Lasithi und den umliegenden Bergen. Auch erlie\u00dfen sie ein Gesetz was jegliche Neubesiedlung und landwirtschaftliche Nutzung der Hochebene Verbot. Erst 200 Jahre sp\u00e4ter wurde dieses wegen Lebensmittelknappheit wieder aufgehoben.<\/p>\n<p><a href=\"http:\/\/insel-kreta.net\/wordpress\/wp-content\/uploads\/2014\/08\/Windmuehle.jpg\"><img loading=\"lazy\" decoding=\"async\" class=\"alignnone size-full wp-image-156\" src=\"http:\/\/insel-kreta.net\/wordpress\/wp-content\/uploads\/2014\/08\/Windmuehle.jpg\" alt=\"Windmuehle\" width=\"196\" height=\"152\" \/><\/a><\/p>\n<p>W\u00e4hrend der T\u00fcrkischen Herrschaft war sie Zufuchtsort und Operationsbasis der aufst\u00e4ndigen Bev\u00f6lkerung Kretas. Im Jahre 1867 wurde die Lasithi von den Besatzern verw\u00fcstet.<\/p>\n<p>Im Herzen der Lasithi, na dem Dorf Psychro befindet sich in 1000 Metern H\u00f6he die Diktaische Grotte.Vom Toristenpavillion f\u00fchrt ein schmaler Fu\u00dfweg zum riesigen H\u00f6hleneingang (14 x 8 Meter) in etwa 20 Minuten hinauf. Leute die nicht gut zu Fu\u00df sind k\u00f6nnen sich daf\u00fcr einen Esel mieten.<\/p>\n","protected":false},"excerpt":{"rendered":"<p>Lasithi Etwa 50 km s\u00fcd\u00f6stlich von Iraklion und 35 km westlich von Agios Nikolaos breitet sich das runde fruchtbare Karstplateau Lasithi im Dikti &#8211; Gebirge aus. Seinen Gr\u00f6\u00dfe ist ca 8 x 5 km . Die \u00fcppig gr\u00fcne Vegetation bietet mit den sie umrahmenden Bergen einen sehr sch\u00f6nen Anblick, der fr\u00fcher noch durch die alten, [&hellip;]<\/p>\n","protected":false},"author":1,"featured_media":0,"parent":132,"menu_order":0,"comment_status":"open","ping_status":"open","template":"","meta":{"footnotes":""},"class_list":["post-152","page","type-page","status-publish","hentry"],"_links":{"self":[{"href":"http:\/\/insel-kreta.net\/wordpress\/wp-json\/wp\/v2\/pages\/152","targetHints":{"allow":["GET"]}}],"collection":[{"href":"http:\/\/insel-kreta.net\/wordpress\/wp-json\/wp\/v2\/pages"}],"about":[{"href":"http:\/\/insel-kreta.net\/wordpress\/wp-json\/wp\/v2\/types\/page"}],"author":[{"embeddable":true,"href":"http:\/\/insel-kreta.net\/wordpress\/wp-json\/wp\/v2\/users\/1"}],"replies":[{"embeddable":true,"href":"http:\/\/insel-kreta.net\/wordpress\/wp-json\/wp\/v2\/comments?post=152"}],"version-history":[{"count":1,"href":"http:\/\/insel-kreta.net\/wordpress\/wp-json\/wp\/v2\/pages\/152\/revisions"}],"predecessor-version":[{"id":157,"href":"http:\/\/insel-kreta.net\/wordpress\/wp-json\/wp\/v2\/pages\/152\/revisions\/157"}],"up":[{"embeddable":true,"href":"http:\/\/insel-kreta.net\/wordpress\/wp-json\/wp\/v2\/pages\/132"}],"wp:attachment":[{"href":"http:\/\/insel-kreta.net\/wordpress\/wp-json\/wp\/v2\/media?parent=152"}],"curies":[{"name":"wp","href":"https:\/\/api.w.org\/{rel}","templated":true}]}}