{"id":207,"date":"2014-08-05T08:33:21","date_gmt":"2014-08-05T08:33:21","guid":{"rendered":"http:\/\/insel-kreta.net\/wordpress\/?page_id=207"},"modified":"2014-08-05T08:33:30","modified_gmt":"2014-08-05T08:33:30","slug":"impressum","status":"publish","type":"page","link":"http:\/\/insel-kreta.net\/wordpress\/impressum\/","title":{"rendered":"Impressum"},"content":{"rendered":"<p>Impressum<br \/>\n\u00a7 1 Registrierte Domainen<\/p>\n<p>&nbsp;<\/p>\n<p>www.insel-kreta.net<\/p>\n<p>http:\/\/www.professionelle-fotografie.de<\/p>\n<p>&nbsp;<\/p>\n<p>sourceBlog.org<br \/>\nsind eingetragene Domainen des webmaster@insel-kreta.net<\/p>\n<p>&nbsp;<\/p>\n<p>Schmidt Mathias B.Sc.; Friedrich-Engels Stra\u00dfe 42a; 99086 Erfurt; Th\u00fcringen\/Deutschland<\/p>\n<p>Kern Katja Meister f\u00fcr Garten- und Landschaftsbau; Friedrich-Engels Stra\u00dfe 42a; 99086 Erfurt; Th\u00fcringen\/Deutschland<\/p>\n<p>\u00a7 2 Disclaimer<\/p>\n<p>F\u00fcr alle Links auf denen unter \u00a7 1 aufgef\u00fchrten Domain-Adressen gilt: Ich m\u00f6chte ausdr\u00fccklich betonen, dass ich keinerlei Einfluss auf die Gestaltung und die Inhalte der bei uns gelinkten Seiten haben. Deshalb distanziere ich mich hiermit ausdr\u00fccklich von allen Inhalten aller unter \u00a7 1 aufgef\u00fchrten Domain-Adressen gelinkten Seiten. Die Verantwortung f\u00fcr die bei uns verlinkten Domain-Adressen liegt ausschliesslich im Verantwortungsbereich derer rechtm\u00e4\u00dfiger Besitzer.<\/p>\n<p>&nbsp;<\/p>\n<p>\u00a7 3 Copyright<\/p>\n<p>Das (c) Copyright aller Seiten und deren Inhalte liegt ausschlie\u00dflich bei den unter \u00a7 1 aufgef\u00fchrten Domain-Adressen, und deren Inhabern. Eine \u00dcbernahme von Bildern und\/oder Texten jedlicher Art aus den unter \u00a7 1 aufgef\u00fchrten Domain-Adressen ist nur nach ausdr\u00fccklicher Genehmigung des unter \u00a7 1 aufgef\u00fchrten Domaininhabers gestattet. Bei einer \u00dcbernahme, das Verwenden von Bildern und\/oder Texten au\u00dferhalb der unter\u00a7 1 aufeg\u00fchrten Domainadressen muss deutlich die Quelle einer der unter \u00a71 aufgef\u00fchrten Domain-Adressen und das (c) Copyright sichtbar sein! F\u00fcr Zuwiderhandlungen beh\u00e4lt sich der unter \u00a7 1 aufgef\u00fchrte Domaininhaber alle rechtliche Schritte vor.<\/p>\n<p>\u00a7 4 Haftung\/Sch\u00e4den<br \/>\nAlle Angaben auf den unter \u00a7 1 aufgef\u00fchrten Domain-Seiten wurden mit Sorgfalt zusammengestellt oder erarbeitet. Da Fehler allerdings nie ganz auszuschlie\u00dfen sind, weisen ich darauf hin, dass ich weder eine Garantie noch Haftung f\u00fcr Folgen, die auf fehlerhafte Angaben zur\u00fcckzuf\u00fchren sind, \u00fcbernehme.<\/p>\n<p>&nbsp;<\/p>\n<p>\u00a7 5 Markennamen\/Logos<br \/>\nAlle aufgef\u00fchrten Namen und Logos innerhalb von den unter \u00a7 1 aufgef\u00fchren Domain-Adressen, sind eingetragene und gesch\u00fctzte Markennamen der jeweiligen Rechteinhaber, auch wenn dieses nicht ausdr\u00fccklich angegeben wurde.<\/p>\n<p>Bitte Beachten sie, dass es sich bei allen genannten Domainen um private und nicht kommerzielle Inhalte handelt! Alle angebotenen Leistungen sind Privatleistungen.<br \/>\nInhalt &amp; Design (c) 2003 &#8211; 2009 bei webmaster@insel-kreta.net und webmaster@professionelle-fotografie.de- Alle Rechte vorbehalten!<\/p>\n","protected":false},"excerpt":{"rendered":"<p>Impressum \u00a7 1 Registrierte Domainen &nbsp; www.insel-kreta.net http:\/\/www.professionelle-fotografie.de &nbsp; sourceBlog.org sind eingetragene Domainen des webmaster@insel-kreta.net &nbsp; Schmidt Mathias B.Sc.; Friedrich-Engels Stra\u00dfe 42a; 99086 Erfurt; Th\u00fcringen\/Deutschland Kern Katja Meister f\u00fcr Garten- und Landschaftsbau; Friedrich-Engels Stra\u00dfe 42a; 99086 Erfurt; Th\u00fcringen\/Deutschland \u00a7 2 Disclaimer F\u00fcr alle Links auf denen unter \u00a7 1 aufgef\u00fchrten Domain-Adressen gilt: Ich m\u00f6chte ausdr\u00fccklich [&hellip;]<\/p>\n","protected":false},"author":1,"featured_media":0,"parent":0,"menu_order":10,"comment_status":"open","ping_status":"open","template":"","meta":{"footnotes":""},"class_list":["post-207","page","type-page","status-publish","hentry"],"_links":{"self":[{"href":"http:\/\/insel-kreta.net\/wordpress\/wp-json\/wp\/v2\/pages\/207","targetHints":{"allow":["GET"]}}],"collection":[{"href":"http:\/\/insel-kreta.net\/wordpress\/wp-json\/wp\/v2\/pages"}],"about":[{"href":"http:\/\/insel-kreta.net\/wordpress\/wp-json\/wp\/v2\/types\/page"}],"author":[{"embeddable":true,"href":"http:\/\/insel-kreta.net\/wordpress\/wp-json\/wp\/v2\/users\/1"}],"replies":[{"embeddable":true,"href":"http:\/\/insel-kreta.net\/wordpress\/wp-json\/wp\/v2\/comments?post=207"}],"version-history":[{"count":2,"href":"http:\/\/insel-kreta.net\/wordpress\/wp-json\/wp\/v2\/pages\/207\/revisions"}],"predecessor-version":[{"id":209,"href":"http:\/\/insel-kreta.net\/wordpress\/wp-json\/wp\/v2\/pages\/207\/revisions\/209"}],"wp:attachment":[{"href":"http:\/\/insel-kreta.net\/wordpress\/wp-json\/wp\/v2\/media?parent=207"}],"curies":[{"name":"wp","href":"https:\/\/api.w.org\/{rel}","templated":true}]}}