{"id":96,"date":"2014-08-05T08:02:38","date_gmt":"2014-08-05T08:02:38","guid":{"rendered":"http:\/\/insel-kreta.net\/wordpress\/?page_id=96"},"modified":"2014-08-12T06:32:05","modified_gmt":"2014-08-12T06:32:05","slug":"fortezza","status":"publish","type":"page","link":"http:\/\/insel-kreta.net\/wordpress\/venezianer\/fortezza\/","title":{"rendered":"Fortezza"},"content":{"rendered":"<p><strong>Die Fortezza<\/strong><br \/>\nDie Fortezza erhebt sich im Norden der Stadt auf dem H\u00fcgel Pal\u00e4okastro.Sie wurde im 16 Jahrhundert erbaut und ist heute fast vollst\u00e4ndig in ihrer urspr\u00fcnglichen Form erhalten. Ihre Au\u00dfenmauer hat einen L\u00e4nge von 1307 Meter und schlie\u00dft 4 Schutzwehre ein. An der S\u00fcdeseite befinden sich die Schutzwehre Agios Paulus;Agios Elias und Agios Lukas. W\u00e4hrend sich das Schutzwehr Agios Nikolaos an der Ostseite befindet. Die Fortezza von Rethymno entspricht damit trotz ihrer damalig modernen Bauform nicht der idialen Forte bastionato. Als idealer Grundri\u00df galt, wenn sie \u00fcber gleiche Seiten und gleiche Vorspr\u00fcgen (Schutzwehre) verf\u00fcgte, also symetrisch war (fortificazione regolare). Sie ist aber dem Berg angepasst wurden und gilt damit als irregul\u00e4r (fortificazione irreolare).<\/p>\n<p><a href=\"http:\/\/insel-kreta.net\/wordpress\/wp-content\/uploads\/2014\/08\/Fortezza.jpg\"><img loading=\"lazy\" decoding=\"async\" class=\"alignnone size-medium wp-image-97\" src=\"http:\/\/insel-kreta.net\/wordpress\/wp-content\/uploads\/2014\/08\/Fortezza-300x197.jpg\" alt=\"Fortezza\" width=\"300\" height=\"197\" srcset=\"http:\/\/insel-kreta.net\/wordpress\/wp-content\/uploads\/2014\/08\/Fortezza-300x197.jpg 300w, http:\/\/insel-kreta.net\/wordpress\/wp-content\/uploads\/2014\/08\/Fortezza.jpg 306w\" sizes=\"auto, (max-width: 300px) 100vw, 300px\" \/><\/a> <a href=\"http:\/\/insel-kreta.net\/wordpress\/wp-content\/uploads\/2014\/08\/Fortezza2.jpg\"><img loading=\"lazy\" decoding=\"async\" class=\"alignnone size-medium wp-image-98\" src=\"http:\/\/insel-kreta.net\/wordpress\/wp-content\/uploads\/2014\/08\/Fortezza2-300x199.jpg\" alt=\"Fortezza2\" width=\"300\" height=\"199\" srcset=\"http:\/\/insel-kreta.net\/wordpress\/wp-content\/uploads\/2014\/08\/Fortezza2-300x199.jpg 300w, http:\/\/insel-kreta.net\/wordpress\/wp-content\/uploads\/2014\/08\/Fortezza2.jpg 302w\" sizes=\"auto, (max-width: 300px) 100vw, 300px\" \/><\/a> <a href=\"http:\/\/insel-kreta.net\/wordpress\/wp-content\/uploads\/2014\/08\/Fortezza6.jpg\"><img loading=\"lazy\" decoding=\"async\" class=\"alignnone size-medium wp-image-99\" src=\"http:\/\/insel-kreta.net\/wordpress\/wp-content\/uploads\/2014\/08\/Fortezza6.jpg\" alt=\"Fortezza6\" width=\"298\" height=\"201\" \/><\/a> <a href=\"http:\/\/insel-kreta.net\/wordpress\/wp-content\/uploads\/2014\/08\/Fortezza7.jpg\"><img loading=\"lazy\" decoding=\"async\" class=\"alignnone size-medium wp-image-100\" src=\"http:\/\/insel-kreta.net\/wordpress\/wp-content\/uploads\/2014\/08\/Fortezza7-300x198.jpg\" alt=\"Fortezza7\" width=\"300\" height=\"198\" srcset=\"http:\/\/insel-kreta.net\/wordpress\/wp-content\/uploads\/2014\/08\/Fortezza7-300x198.jpg 300w, http:\/\/insel-kreta.net\/wordpress\/wp-content\/uploads\/2014\/08\/Fortezza7.jpg 301w\" sizes=\"auto, (max-width: 300px) 100vw, 300px\" \/><\/a><br \/>\n<strong>Kurzgeschichte<\/strong><\/p>\n<p>13. September 1573 Grundsteinlegung durch Rektor Alvise Lando f\u00fcr die Burg die nach den Pl\u00e4nen von Sforza Palavicini erbaut werden sollte.Sie beinhalteten eine vieleckige Festung mit zwei Schutzwehren im S\u00fcdenwesten und S\u00fcdosten, einer Spitze zwischen ihnen, einer Schutzwehr in der Mitte der Ostseite, einer Spitze an der nord\u00f6stlichen Ecke, einer Spitze an der Nordseite und einer Spitze an der Westeseite.<\/p>\n<p>&nbsp;<\/p>\n<p>Im Jahre 1574 \u00fcbernahm der Ingenieur Gian Paolo Ferrari das Projekt, der die Pl\u00e4ne \u00fcberarbeitete.<\/p>\n<p>&nbsp;<\/p>\n<p>1578 wurden die Au\u00dfenmauern fertiggestellt und es begann der Bau der Geb\u00e4ude im Inneren der Fortezza. Die l\u00e4nge der Au\u00dfenmauer betr\u00e4gt 1307 Meter, da urspr\u00fcnglich geplant war die H\u00e4user der Stadt mit in der Festung zu bauen.<\/p>\n<p>&nbsp;<\/p>\n<p>1580 unterrichtete Rektor Bernado Pollani de venezianischen Senat \u00fcber die Fertigstellung von 54 Soldatenunterk\u00fcnften, der Wohnung des Armeekommandanten und drei Zisternen.Au\u00dferdem wurde der Grundstein f\u00fcr das Haus des Rektor gelegt.<\/p>\n<p>&nbsp;<\/p>\n<p>1583 kam ein neuer Rektor, Anzolo Barocci Au\u00dferdem wurde das Haus des Rektor fertiggestellt.<\/p>\n<p>&nbsp;<\/p>\n<p>Im Jahre 1585 wurde Benetto Bembo zum Rektor ernannt.<\/p>\n<p>&nbsp;<\/p>\n<p>1587 wurden die Kanonenscharten vervollst\u00e4ndigt, man errichtete ein Lagerhaus und stellte zwei Zisternen, ein Munitions- und ein Waffenlager fertig.<\/p>\n<p>&nbsp;<\/p>\n<p>In den Jahren 1588 bis 1593 wurden die meisten Arbeiten abgeschlossen.<\/p>\n<p>&nbsp;<\/p>\n<p>Ab dem Jahre 1646 begann die T\u00fcrkische Herrschaft. Sie nahmen keine bedeutenden \u00c4nderungen an der Festungsanlage vor. Jedoch wurde die Bischofskirche in die Moschee des Sultans Ibrahim umgewandelt.<\/p>\n<p>&nbsp;<\/p>\n<p>Als die Osmanen die Stadt verliesen, nutzte die \u00e4rmeren Schichten sie als Unterkunft<\/p>\n<p>&nbsp;<\/p>\n<p>W\u00e4hrend des 2. Weltrieges war die Fortezza ein Gef\u00e4ngniss und Hinrichtungsort f\u00fcr Partisanen. Die Deutschen hatte Gesch\u00fctz in der Schutzwehr Agios Nikolaos aufgestellt, das Rethymno von der Meerseite aus kontrollierte.<\/p>\n<p>&nbsp;<\/p>\n<p>Nach dem Krieg wohnten Mittellose und Prostituierte auf der Burg.<\/p>\n<p>&nbsp;<\/p>\n<p>In den 60 er Jahren wurden Restaurationsarbeiten durchgef\u00fchrt.<\/p>\n<p>&nbsp;<\/p>\n<p>Seit 1986 findet jedes Jahr im Theater &#8222;Erophile&#8220; in der Schutzwehr des Heiligen Elias das Renaissancefestival statt.<\/p>\n<p><a href=\"http:\/\/insel-kreta.net\/wordpress\/wp-content\/uploads\/2014\/08\/Fortezza5.jpg\"><img loading=\"lazy\" decoding=\"async\" class=\"alignnone size-full wp-image-101\" src=\"http:\/\/insel-kreta.net\/wordpress\/wp-content\/uploads\/2014\/08\/Fortezza5.jpg\" alt=\"Fortezza\" width=\"204\" height=\"298\" \/><\/a> <a href=\"http:\/\/insel-kreta.net\/wordpress\/wp-content\/uploads\/2014\/08\/Fortezza8.jpg\"><img loading=\"lazy\" decoding=\"async\" class=\"alignnone size-medium wp-image-102\" src=\"http:\/\/insel-kreta.net\/wordpress\/wp-content\/uploads\/2014\/08\/Fortezza8.jpg\" alt=\"Fortezza8\" width=\"279\" height=\"184\" \/><\/a> <a href=\"http:\/\/insel-kreta.net\/wordpress\/wp-content\/uploads\/2014\/08\/Fortezza9.jpg\"><img loading=\"lazy\" decoding=\"async\" class=\"alignnone size-medium wp-image-103\" src=\"http:\/\/insel-kreta.net\/wordpress\/wp-content\/uploads\/2014\/08\/Fortezza9-300x202.jpg\" alt=\"Fortezza9\" width=\"300\" height=\"202\" srcset=\"http:\/\/insel-kreta.net\/wordpress\/wp-content\/uploads\/2014\/08\/Fortezza9-300x202.jpg 300w, http:\/\/insel-kreta.net\/wordpress\/wp-content\/uploads\/2014\/08\/Fortezza9.jpg 305w\" sizes=\"auto, (max-width: 300px) 100vw, 300px\" \/><\/a> <a href=\"http:\/\/insel-kreta.net\/wordpress\/wp-content\/uploads\/2014\/08\/Fortezza10.jpg\"><img loading=\"lazy\" decoding=\"async\" class=\"alignnone size-medium wp-image-104\" src=\"http:\/\/insel-kreta.net\/wordpress\/wp-content\/uploads\/2014\/08\/Fortezza10.jpg\" alt=\"Fortezza10\" width=\"298\" height=\"200\" \/><\/a><\/p>\n","protected":false},"excerpt":{"rendered":"<p>Die Fortezza Die Fortezza erhebt sich im Norden der Stadt auf dem H\u00fcgel Pal\u00e4okastro.Sie wurde im 16 Jahrhundert erbaut und ist heute fast vollst\u00e4ndig in ihrer urspr\u00fcnglichen Form erhalten. Ihre Au\u00dfenmauer hat einen L\u00e4nge von 1307 Meter und schlie\u00dft 4 Schutzwehre ein. An der S\u00fcdeseite befinden sich die Schutzwehre Agios Paulus;Agios Elias und Agios Lukas. [&hellip;]<\/p>\n","protected":false},"author":1,"featured_media":0,"parent":94,"menu_order":0,"comment_status":"open","ping_status":"open","template":"","meta":{"footnotes":""},"class_list":["post-96","page","type-page","status-publish","hentry"],"_links":{"self":[{"href":"http:\/\/insel-kreta.net\/wordpress\/wp-json\/wp\/v2\/pages\/96","targetHints":{"allow":["GET"]}}],"collection":[{"href":"http:\/\/insel-kreta.net\/wordpress\/wp-json\/wp\/v2\/pages"}],"about":[{"href":"http:\/\/insel-kreta.net\/wordpress\/wp-json\/wp\/v2\/types\/page"}],"author":[{"embeddable":true,"href":"http:\/\/insel-kreta.net\/wordpress\/wp-json\/wp\/v2\/users\/1"}],"replies":[{"embeddable":true,"href":"http:\/\/insel-kreta.net\/wordpress\/wp-json\/wp\/v2\/comments?post=96"}],"version-history":[{"count":1,"href":"http:\/\/insel-kreta.net\/wordpress\/wp-json\/wp\/v2\/pages\/96\/revisions"}],"predecessor-version":[{"id":105,"href":"http:\/\/insel-kreta.net\/wordpress\/wp-json\/wp\/v2\/pages\/96\/revisions\/105"}],"up":[{"embeddable":true,"href":"http:\/\/insel-kreta.net\/wordpress\/wp-json\/wp\/v2\/pages\/94"}],"wp:attachment":[{"href":"http:\/\/insel-kreta.net\/wordpress\/wp-json\/wp\/v2\/media?parent=96"}],"curies":[{"name":"wp","href":"https:\/\/api.w.org\/{rel}","templated":true}]}}

<p><strong>Die Fortezza</strong><br />
Die Fortezza erhebt sich im Norden der Stadt auf dem Hügel Paläokastro.Sie wurde im 16 Jahrhundert erbaut und ist heute fast vollständig in ihrer ursprünglichen Form erhalten. Ihre Außenmauer hat einen Länge von 1307 Meter und schließt 4 Schutzwehre ein. An der Südeseite befinden sich die Schutzwehre Agios Paulus;Agios Elias und Agios Lukas. Während sich das Schutzwehr Agios Nikolaos an der Ostseite befindet. Die Fortezza von Rethymno entspricht damit trotz ihrer damalig modernen Bauform nicht der idialen Forte bastionato. Als idealer Grundriß galt, wenn sie über gleiche Seiten und gleiche Vorsprügen (Schutzwehre) verfügte, also symetrisch war (fortificazione regolare). Sie ist aber dem Berg angepasst wurden und gilt damit als irregulär (fortificazione irreolare).</p>
<p><a href="http://insel-kreta.net/wordpress/wp-content/uploads/2014/08/Fortezza.jpg"><img loading="lazy" decoding="async" class="alignnone size-medium wp-image-97" src="http://insel-kreta.net/wordpress/wp-content/uploads/2014/08/Fortezza-300x197.jpg" alt="Fortezza" width="300" height="197" srcset="http://insel-kreta.net/wordpress/wp-content/uploads/2014/08/Fortezza-300x197.jpg 300w, http://insel-kreta.net/wordpress/wp-content/uploads/2014/08/Fortezza.jpg 306w" sizes="auto, (max-width: 300px) 100vw, 300px" /></a> <a href="http://insel-kreta.net/wordpress/wp-content/uploads/2014/08/Fortezza2.jpg"><img loading="lazy" decoding="async" class="alignnone size-medium wp-image-98" src="http://insel-kreta.net/wordpress/wp-content/uploads/2014/08/Fortezza2-300x199.jpg" alt="Fortezza2" width="300" height="199" srcset="http://insel-kreta.net/wordpress/wp-content/uploads/2014/08/Fortezza2-300x199.jpg 300w, http://insel-kreta.net/wordpress/wp-content/uploads/2014/08/Fortezza2.jpg 302w" sizes="auto, (max-width: 300px) 100vw, 300px" /></a> <a href="http://insel-kreta.net/wordpress/wp-content/uploads/2014/08/Fortezza6.jpg"><img loading="lazy" decoding="async" class="alignnone size-medium wp-image-99" src="http://insel-kreta.net/wordpress/wp-content/uploads/2014/08/Fortezza6.jpg" alt="Fortezza6" width="298" height="201" /></a> <a href="http://insel-kreta.net/wordpress/wp-content/uploads/2014/08/Fortezza7.jpg"><img loading="lazy" decoding="async" class="alignnone size-medium wp-image-100" src="http://insel-kreta.net/wordpress/wp-content/uploads/2014/08/Fortezza7-300x198.jpg" alt="Fortezza7" width="300" height="198" srcset="http://insel-kreta.net/wordpress/wp-content/uploads/2014/08/Fortezza7-300x198.jpg 300w, http://insel-kreta.net/wordpress/wp-content/uploads/2014/08/Fortezza7.jpg 301w" sizes="auto, (max-width: 300px) 100vw, 300px" /></a><br />
<strong>Kurzgeschichte</strong></p>
<p>13. September 1573 Grundsteinlegung durch Rektor Alvise Lando für die Burg die nach den Plänen von Sforza Palavicini erbaut werden sollte.Sie beinhalteten eine vieleckige Festung mit zwei Schutzwehren im Südenwesten und Südosten, einer Spitze zwischen ihnen, einer Schutzwehr in der Mitte der Ostseite, einer Spitze an der nordöstlichen Ecke, einer Spitze an der Nordseite und einer Spitze an der Westeseite.</p>
<p>&nbsp;</p>
<p>Im Jahre 1574 übernahm der Ingenieur Gian Paolo Ferrari das Projekt, der die Pläne überarbeitete.</p>
<p>&nbsp;</p>
<p>1578 wurden die Außenmauern fertiggestellt und es begann der Bau der Gebäude im Inneren der Fortezza. Die länge der Außenmauer beträgt 1307 Meter, da ursprünglich geplant war die Häuser der Stadt mit in der Festung zu bauen.</p>
<p>&nbsp;</p>
<p>1580 unterrichtete Rektor Bernado Pollani de venezianischen Senat über die Fertigstellung von 54 Soldatenunterkünften, der Wohnung des Armeekommandanten und drei Zisternen.Außerdem wurde der Grundstein für das Haus des Rektor gelegt.</p>
<p>&nbsp;</p>
<p>1583 kam ein neuer Rektor, Anzolo Barocci Außerdem wurde das Haus des Rektor fertiggestellt.</p>
<p>&nbsp;</p>
<p>Im Jahre 1585 wurde Benetto Bembo zum Rektor ernannt.</p>
<p>&nbsp;</p>
<p>1587 wurden die Kanonenscharten vervollständigt, man errichtete ein Lagerhaus und stellte zwei Zisternen, ein Munitions- und ein Waffenlager fertig.</p>
<p>&nbsp;</p>
<p>In den Jahren 1588 bis 1593 wurden die meisten Arbeiten abgeschlossen.</p>
<p>&nbsp;</p>
<p>Ab dem Jahre 1646 begann die Türkische Herrschaft. Sie nahmen keine bedeutenden Änderungen an der Festungsanlage vor. Jedoch wurde die Bischofskirche in die Moschee des Sultans Ibrahim umgewandelt.</p>
<p>&nbsp;</p>
<p>Als die Osmanen die Stadt verliesen, nutzte die ärmeren Schichten sie als Unterkunft</p>
<p>&nbsp;</p>
<p>Während des 2. Weltrieges war die Fortezza ein Gefängniss und Hinrichtungsort für Partisanen. Die Deutschen hatte Geschütz in der Schutzwehr Agios Nikolaos aufgestellt, das Rethymno von der Meerseite aus kontrollierte.</p>
<p>&nbsp;</p>
<p>Nach dem Krieg wohnten Mittellose und Prostituierte auf der Burg.</p>
<p>&nbsp;</p>
<p>In den 60 er Jahren wurden Restaurationsarbeiten durchgeführt.</p>
<p>&nbsp;</p>
<p>Seit 1986 findet jedes Jahr im Theater &#8222;Erophile&#8220; in der Schutzwehr des Heiligen Elias das Renaissancefestival statt.</p>
<p><a href="http://insel-kreta.net/wordpress/wp-content/uploads/2014/08/Fortezza5.jpg"><img loading="lazy" decoding="async" class="alignnone size-full wp-image-101" src="http://insel-kreta.net/wordpress/wp-content/uploads/2014/08/Fortezza5.jpg" alt="Fortezza" width="204" height="298" /></a> <a href="http://insel-kreta.net/wordpress/wp-content/uploads/2014/08/Fortezza8.jpg"><img loading="lazy" decoding="async" class="alignnone size-medium wp-image-102" src="http://insel-kreta.net/wordpress/wp-content/uploads/2014/08/Fortezza8.jpg" alt="Fortezza8" width="279" height="184" /></a> <a href="http://insel-kreta.net/wordpress/wp-content/uploads/2014/08/Fortezza9.jpg"><img loading="lazy" decoding="async" class="alignnone size-medium wp-image-103" src="http://insel-kreta.net/wordpress/wp-content/uploads/2014/08/Fortezza9-300x202.jpg" alt="Fortezza9" width="300" height="202" srcset="http://insel-kreta.net/wordpress/wp-content/uploads/2014/08/Fortezza9-300x202.jpg 300w, http://insel-kreta.net/wordpress/wp-content/uploads/2014/08/Fortezza9.jpg 305w" sizes="auto, (max-width: 300px) 100vw, 300px" /></a> <a href="http://insel-kreta.net/wordpress/wp-content/uploads/2014/08/Fortezza10.jpg"><img loading="lazy" decoding="async" class="alignnone size-medium wp-image-104" src="http://insel-kreta.net/wordpress/wp-content/uploads/2014/08/Fortezza10.jpg" alt="Fortezza10" width="298" height="200" /></a></p>

<p>Die Fortezza Die Fortezza erhebt sich im Norden der Stadt auf dem Hügel Paläokastro.Sie wurde im 16 Jahrhundert erbaut und ist heute fast vollständig in ihrer ursprünglichen Form erhalten. Ihre Außenmauer hat einen Länge von 1307 Meter und schließt 4 Schutzwehre ein. An der Südeseite befinden sich die Schutzwehre Agios Paulus;Agios Elias und Agios Lukas. [&hellip;]</p>
